0?
2322132343
In base 2, what is 1001101 + 10000011001?
10001100110
In base 16, what is -1 + 614b0?
614af
In base 2, what is 11 + -10100110011001011?
-10100110011001000
In base 3, what is 1110121110 + 12?
1110121122
In base 6, what is -2403442 + 2?
-2403440
In base 4, what is 0 + -30321?
-30321
In base 6, what is 140 - -435454?
440034
In base 11, what is 14 + 17007?
17020
In base 6, what is 10311 - -225?
10540
In base 3, what is 2011022 - 121201?
1112121
In base 13, what is 82 + 12b?
1b0
In base 11, what is 871 - 124?
748
In base 12, what is -4 - -21179?
21175
In base 5, what is -1002300 - -111?
-1002134
In base 8, what is 7 + -46257?
-46250
In base 7, what is -2234610 - -2?
-2234605
In base 9, what is 148 + 401?
550
In base 16, what is -3 + -1b7d?
-1b80
In base 16, what is -34d15d + -2?
-34d15f
In base 8, what is 4 - -5547?
5553
In base 4, what is 101321 - -2?
101323
In base 13, what is -377 + 17?
-360
In base 9, what is 702 + -4?
687
In base 13, what is 554b1 + -2?
554ac
In base 9, what is -3841 - 4?
-3845
In base 2, what is -100000101010110010 - -10?
-100000101010110000
In base 5, what is 402131 - -34?
402220
In base 6, what is -2 + -1041545?
-1041551
In base 4, what is -3 + 1033323?
1033320
In base 14, what is 16 + 572?
588
In base 7, what is -26153013 + 3?
-26153010
In base 6, what is -14 - -433333?
433315
In base 13, what is 5 - -11825?
1182a
In base 13, what is 6b1c + 1?
6b20
In base 5, what is 122322423 - -1?
122322424
In base 16, what is 79a - -10?
7aa
In base 13, what is -cc - 354?
-453
In base 8, what is -1276 - 12?
-1310
In base 3, what is 10 + 2220110010?
2220110020
In base 14, what is -1 + 67ccd?
67ccc
In base 6, what is 324534 - -355?
325333
In base 13, what is 11 - -2041?
2052
In base 8, what is -2 - 255161?
-255163
In base 11, what is 48334 - -3?
48337
In base 15, what is -20eec + 0?
-20eec
In base 16, what is -ff - 25?
-124
In base 9, what is -17341 + -76?
-17427
In base 8, what is 0 - 1255610?
-1255610
In base 11, what is -812a9 + -3?
-81301
In base 6, what is -50531 + -4014?
-54545
In base 8, what is 3101 - -102?
3203
In base 3, what is 1011010212221 - -12?
1011010220010
In base 14, what is 51 + -63c?
-5cb
In base 15, what is -119295 + -5?
-11929a
In base 6, what is 14353 + -30003?
-11210
In base 7, what is -46 - -4125?
4046
In base 4, what is -3 - 13010133?
-13010202
In base 5, what is -104401430 + -3?
-104401433
In base 9, what is 81353 - -22?
81375
In base 9, what is 2 + -2331660?
-2331657
In base 9, what is -15170 + -26?
-15206
In base 14, what is 2 + 5811?
5813
In base 4, what is 1212210 - 212?
1211332
In base 13, what is 3cc406 + -5?
3cc401
In base 14, what is 10a + -16d?
-63
In base 9, what is -106153 + 3?
-106150
In base 9, what is -45 - -464?
418
In base 14, what is 73448 - 1?
73447
In base 14, what is -3 + 22c0?
22bb
In base 14, what is 80 + 210d?
218d
In base 4, what is 23 + 22320?
23003
In base 7, what is -133 + -16603?
-20036
In base 16, what is 324ee - f?
324df
In base 12, what is -42 - -993?
951
In base 13, what is 0 + 15512?
15512
In base 15, what is -d + -11552?
-11560
In base 13, what is -61 - -2941?
28b0
In base 3, what is -22122 + -210011?
-1002210
In base 11, what is 430 - 154?
287
In base 13, what is 1b9 + -7?
1b2
In base 6, what is 13 - -355031?
355044
In base 4, what is -230031 - -3?
-230022
In base 15, what is -30 + -3770?
-37a0
In base 11, what is 6 + 1aa04?
1aa0a
In base 3, what is -22011211121 + 2?
-22011211112
In base 9, what is -3 - 14066?
-14070
In base 5, what is 23214 + 14010?
42224
In base 3, what is -1022100 - 1?
-1022101
In base 2, what is 101100 - 1001111000010000?
-1001110111100100
In base 3, what is -102 - -110102?
110000
In base 12, what is -4 - 5a2b?
-5a33
In base 15, what is -5 - -3226b?
32266
In base 13, what is -2535 - 47?
-257c
In base 11, what is 69556 - -12?
69568
In base 5, what is 100341040 + 3?
100341043
In base 5, what is -3 + -114023322?
-114023330
In base 9, what is -614226 + -5?
-614232
In base 4, what is 231 - 22331?
-22100
In base 6, what is 23 - 135531?
-135504
In base 6, what is 3313532 - -14?
3313550
In base 14, what is -108258 - -5?
-108253
In base 2, what is -11111 + -100011001110001?
-100011010010000
In base 14, what is -20939a + -2?
-20939c
In base 13, what is -3 + 8437?
8434
In base 16, what is -1132 - -5d?
-10d5
In base 12, what is -3200 - -11?
-31ab
In base 6, what is -3 + 20400?
20353
In base 15, what is -125 - ba?
-1e0
In base 11, what is 28 - 5168?
-5140
In base 14, what is -831 - bb3?
-1604
In base 4, what is -1 + 10100323?
10100322
In base 6, what is -1023223 + -12?
-1023235
In base 10, what is 1188 + 783?
1971
In base 10, what is -6371 - -10?
-6361
In base 4, what is 1302131120 - -1?
1302131121
In base 10, what is 0 - 4002?
-4002
In base 12, what is 2 - 10059?
-10057
In base 9, what is 465 - 1386?
-821
In base 2, what is 1 + 101100111000?
101100111001
In base 6, what is 205012 - -2011?
211023
In base 12, what is 1317a - -1?
1317b
In base 15, what is -c - -36c7?
36ba
In base 5, what is 14 - -333041?
333110
In base 8, what is 2 - -136063?
136065
In base 16, what is b1 - -542?
5f3
In base 16, what is -15 + 954?
93f
In base 15, what is -4b01 - 1?
-4b02
In base 11, what is 1 - 27627?
-27626
In base 5, what is 412313432 + 0?
412313432
In base 8, what is 1214353 - -10?
1214363
In base 4, what is 2 + 102022321?
102022323
In base 12, what is 102 + 10a?
210
In base 5, what is 112104 - -2130?
114234
In base 2, what is 110100 + 100110110101000100?
100110110101111000
In base 14, what is -215b8c + 3?
-215b89
In base 9, what is -31208 - 53?
-31262
In base 15, what is 1e7e + 11?
1e90
In base 13, what is 19272 + 4?
19276
In base 10, what is 165985 - 5?
165980
In base 13, what is -37 + -3818?
-3852
In base 11, what is -4543 - -5?
-4539
In base 13, what is -17 - -92cb?
92b4
In base 16, what is 49 + 7f?
c8
In base 14, what is aba - 16?
aa4
In base 10, what is -2 + -172874?
-172876
In base 11, what is 2 - 64a57?
-64a55
In base 16, what is -108 - -8f?
-79
In base 14, what is -5 + -33d0?
-33d5
In base 11, what is 26 + -3961?
-3936
In base 2, what is 10 + 101001000110111101100?
101001000110111101110
In base 13, what is 2671c1 + -6?
2671b8
In base 7, what is -2601425 - -4?
-2601421
In base 15, what is -368 - -4d?
-31a
In base 10, what is 142 - 12?
130
In base 6, what is -4 + 13231?
13223
In base 4, what is 10 - 20013313?
-20013303
In base 2, what is -10000001111000 - 111101?
-10000010110101
In base 13, what is 1b90 - -2?
1b92
In base 13, what is -2 - 15458?
-1545a
In base 9, what is 2038261 + 5?
2038266
In base 2, what is 1111110001 - -111000001?
10110110010
In base 12, what is 887b8 + 3?
887bb
In base 2, what is -1010 - -1001101100101110110?
1001101100101101100
In base 4, what is -303223 - 321?
-310210
In base 5, what is 1400104 - -11?
1400120
In base 2, what is 10011001110 - -11100?
10011101010
In base 6, what is -120 + 2231?
2111
In base 10, what is 1 - 10168?
-10167
In base 16, what is 4 - -1a3d65?
1a3d69
In base 15, what is 85a3 + 9?
85ac
In base 6, what is -312535 + 4?
-312531
In base 11, what is 4 - 10a6?
-10a2
In base 10, what is 159 + 313?
472
In base 8, what is -226206 + 0?
-226206
In base 7, what is 2 - -36526?
36531
In base 3, what is -1 - -1100002020?
1100002012
In base 6, what is 510030 + -33?
505553
In base 14, what is 16a33 - -1?
16a34
In base 6, what is -4053021 - -4?
-4053013
In base 8, what is 152066 - 2?
152064
In base 6, what is 13 - -114405?
114422
In base 13, what is -34 + -114?
-148
In base 7, what is -1 + 3612533?
3612532
In base 8, what is 2473 + 2700?
5373
In base 11, what is 17 - -39548?
39564
In base 15, what is -1 + -3b?
-3c
In base 13, what is 5 - 16a34?
-16a2c
In base 12, what is -802 + 67?
-757
In base 16, what is -134 - 31?
-165
In base 4, what is 10330100101 - 1?
10330100100
In base 8, what is -207 - -4755?
4546
In base 8, what is -66673 - -4?
-66667
In base 6, what is 15310151 - 4?
15310143
In base 14, what is -861 + d4?
-76b
In base 4, what is 122112 - 123201?
-1023
In base 2, what is 1000 + -100010000101000?
-100010000100000
In base 6, what is 5122 - -1103?
10225
In base 12, what is 2 - -12a82?
12a84
In base 3, what is 1002012 - -100?
1002112
In base 9, what is 2776462 - 4?
2776457
In base 3, what is -10100 - -101021?
20221
In base 2, 